/home/bdqbpbxa/access-logs/homesearch.goodface.com.ua-ssl_log
205.210.31.144 - - [08/Nov/2025:07:45:31 -0500] "GET / HTTP/1.1" 200 98549 "http://185.156.42.209:80/" "-"
185.156.42.209 - - [08/Nov/2025:08:16:33 -0500] "POST /wp-cron.php?doing_wp_cron=1762607793.8813591003417968750000 HTTP/1.1" 200 0 "https://homesearch.goodface.com.ua/wp-cron.php?doing_wp_cron=1762607793.8813591003417968750000" "WordPress/6.1.1; https://homesearch.goodface.com.ua"
216.73.216.140 - - [08/Nov/2025:08:16:34 -0500] "GET /robots.txt HTTP/2.0" 200 108 "-" "Mozilla/5.0 AppleWebKit/537.36 (KHTML, like Gecko; compatible; ClaudeBot/1.0; +claudebot@anthropic.com)"
216.73.216.140 - - [08/Nov/2025:08:16:34 -0500] "GET /sitemap_index.xml HTTP/2.0" 200 400 "-" "Mozilla/5.0 AppleWebKit/537.36 (KHTML, like Gecko; compatible; ClaudeBot/1.0; +claudebot@anthropic.com)"
185.156.42.209 - - [08/Nov/2025:09:38:19 -0500] "POST /wp-cron.php?doing_wp_cron=1762612699.4596600532531738281250 HTTP/1.1" 200 0 "https://homesearch.goodface.com.ua/wp-cron.php?doing_wp_cron=1762612699.4596600532531738281250" "WordPress/6.1.1; https://homesearch.goodface.com.ua"
216.73.216.140 - - [08/Nov/2025:09:38:19 -0500] "GET /robots.txt HTTP/2.0" 200 108 "-" "Mozilla/5.0 AppleWebKit/537.36 (KHTML, like Gecko; compatible; ClaudeBot/1.0; +claudebot@anthropic.com)"
216.73.216.140 - - [08/Nov/2025:09:38:23 -0500] "GET /products-sitemap.xml HTTP/2.0" 200 547 "-" "Mozilla/5.0 AppleWebKit/537.36 (KHTML, like Gecko; compatible; ClaudeBot/1.0; +claudebot@anthropic.com)"
216.73.216.140 - - [08/Nov/2025:09:38:24 -0500] "GET /vacancy-sitemap.xml HTTP/2.0" 200 472 "-" "Mozilla/5.0 AppleWebKit/537.36 (KHTML, like Gecko; compatible; ClaudeBot/1.0; +claudebot@anthropic.com)"
216.73.216.140 - - [08/Nov/2025:09:38:25 -0500] "GET /page-sitemap.xml HTTP/2.0" 200 638 "-" "Mozilla/5.0 AppleWebKit/537.36 (KHTML, like Gecko; compatible; ClaudeBot/1.0; +claudebot@anthropic.com)"
216.73.216.140 - - [08/Nov/2025:09:38:25 -0500] "GET /case-study-sitemap.xml HTTP/2.0" 200 409 "-" "Mozilla/5.0 AppleWebKit/537.36 (KHTML, like Gecko; compatible; ClaudeBot/1.0; +claudebot@anthropic.com)"
216.73.216.140 - - [08/Nov/2025:09:38:26 -0500] "GET /webinars-sitemap.xml HTTP/2.0" 200 514 "-" "Mozilla/5.0 AppleWebKit/537.36 (KHTML, like Gecko; compatible; ClaudeBot/1.0; +claudebot@anthropic.com)"
216.73.216.140 - - [08/Nov/2025:09:38:27 -0500] "GET /solutions-sitemap.xml HTTP/2.0" 200 416 "-" "Mozilla/5.0 AppleWebKit/537.36 (KHTML, like Gecko; compatible; ClaudeBot/1.0; +claudebot@anthropic.com)"
185.156.42.209 - - [08/Nov/2025:09:38:27 -0500] "POST /wp-cron.php?doing_wp_cron=1762612706.4926600456237792968750 HTTP/1.1" 200 0 "https://homesearch.goodface.com.ua/wp-cron.php?doing_wp_cron=1762612706.4926600456237792968750" "WordPress/6.1.1; https://homesearch.goodface.com.ua"
216.73.216.140 - - [08/Nov/2025:09:38:27 -0500] "GET /post-sitemap.xml HTTP/2.0" 200 814 "-" "Mozilla/5.0 AppleWebKit/537.36 (KHTML, like Gecko; compatible; ClaudeBot/1.0; +claudebot@anthropic.com)"
185.156.42.209 - - [08/Nov/2025:10:58:08 -0500] "POST /wp-cron.php?doing_wp_cron=1762617488.7326600551605224609375 HTTP/1.1" 200 0 "https://homesearch.goodface.com.ua/wp-cron.php?doing_wp_cron=1762617488.7326600551605224609375" "WordPress/6.1.1; https://homesearch.goodface.com.ua"
216.73.216.140 - - [08/Nov/2025:10:58:08 -0500] "GET /robots.txt HTTP/2.0" 200 108 "-" "Mozilla/5.0 AppleWebKit/537.36 (KHTML, like Gecko; compatible; ClaudeBot/1.0; +claudebot@anthropic.com)"
216.73.216.140 - - [08/Nov/2025:10:58:09 -0500] "GET /wp-content/uploads/2022/08/sol-main-1.png HTTP/2.0" 200 32806 "-" "Mozilla/5.0 AppleWebKit/537.36 (KHTML, like Gecko; compatible; ClaudeBot/1.0; +claudebot@anthropic.com)"
216.73.216.140 - - [08/Nov/2025:10:58:09 -0500] "GET /wp-content/uploads/2022/08/blog-img-4.jpg HTTP/2.0" 200 59235 "-" "Mozilla/5.0 AppleWebKit/537.36 (KHTML, like Gecko; compatible; ClaudeBot/1.0; +claudebot@anthropic.com)"
216.73.216.140 - - [08/Nov/2025:10:58:09 -0500] "GET /wp-content/uploads/2022/08/blog-img-3.jpg HTTP/2.0" 200 87935 "-" "Mozilla/5.0 AppleWebKit/537.36 (KHTML, like Gecko; compatible; ClaudeBot/1.0; +claudebot@anthropic.com)"
216.73.216.140 - - [08/Nov/2025:10:58:09 -0500] "GET /wp-content/uploads/2022/08/blog-img-2.jpg HTTP/2.0" 200 35102 "-" "Mozilla/5.0 AppleWebKit/537.36 (KHTML, like Gecko; compatible; ClaudeBot/1.0; +claudebot@anthropic.com)"
216.73.216.140 - - [08/Nov/2025:10:58:09 -0500] "GET /wp-content/uploads/2022/08/how-we-differ-main.png HTTP/2.0" 200 109899 "-" "Mozilla/5.0 AppleWebKit/537.36 (KHTML, like Gecko; compatible; ClaudeBot/1.0; +claudebot@anthropic.com)"
216.73.216.140 - - [08/Nov/2025:10:58:15 -0500] "GET /how-to-guides-article-6 HTTP/2.0" 301 0 "-" "Mozilla/5.0 AppleWebKit/537.36 (KHTML, like Gecko; compatible; ClaudeBot/1.0; +claudebot@anthropic.com)"
216.73.216.140 - - [08/Nov/2025:10:58:16 -0500] "GET /how-to-guides-article-5 HTTP/2.0" 301 0 "-" "Mozilla/5.0 AppleWebKit/537.36 (KHTML, like Gecko; compatible; ClaudeBot/1.0; +claudebot@anthropic.com)"
216.73.216.140 - - [08/Nov/2025:10:58:16 -0500] "GET /how-to-guides-article-4 HTTP/2.0" 301 0 "-" "Mozilla/5.0 AppleWebKit/537.36 (KHTML, like Gecko; compatible; ClaudeBot/1.0; +claudebot@anthropic.com)"
216.73.216.140 - - [08/Nov/2025:10:58:16 -0500] "GET /how-to-guides-article-2 HTTP/2.0" 301 0 "-" "Mozilla/5.0 AppleWebKit/537.36 (KHTML, like Gecko; compatible; ClaudeBot/1.0; +claudebot@anthropic.com)"
216.73.216.140 - - [08/Nov/2025:10:58:19 -0500] "GET /how-to-guides-article-6/ HTTP/2.0" 499 0 "https://homesearch.goodface.com.ua/how-to-guides-article-6" "Mozilla/5.0 AppleWebKit/537.36 (KHTML, like Gecko; compatible; ClaudeBot/1.0; +claudebot@anthropic.com)"
216.73.216.140 - - [08/Nov/2025:10:58:19 -0500] "GET /how-to-guides-article-5/ HTTP/2.0" 499 0 "https://homesearch.goodface.com.ua/how-to-guides-article-5" "Mozilla/5.0 AppleWebKit/537.36 (KHTML, like Gecko; compatible; ClaudeBot/1.0; +claudebot@anthropic.com)"
216.73.216.140 - - [08/Nov/2025:10:58:19 -0500] "GET /how-to-guides-article-4/ HTTP/2.0" 499 0 "https://homesearch.goodface.com.ua/how-to-guides-article-4" "Mozilla/5.0 AppleWebKit/537.36 (KHTML, like Gecko; compatible; ClaudeBot/1.0; +claudebot@anthropic.com)"
216.73.216.140 - - [08/Nov/2025:10:58:19 -0500] "GET /how-to-guides-article-2/ HTTP/2.0" 499 0 "https://homesearch.goodface.com.ua/how-to-guides-article-2" "Mozilla/5.0 AppleWebKit/537.36 (KHTML, like Gecko; compatible; ClaudeBot/1.0; +claudebot@anthropic.com)"
216.73.216.140 - - [08/Nov/2025:10:58:19 -0500] "GET /how-to-guides-article-3 HTTP/2.0" 301 0 "-" "Mozilla/5.0 AppleWebKit/537.36 (KHTML, like Gecko; compatible; ClaudeBot/1.0; +claudebot@anthropic.com)"
216.73.216.140 - - [08/Nov/2025:10:58:20 -0500] "GET /how-to-guides-article HTTP/2.0" 499 0 "-" "Mozilla/5.0 AppleWebKit/537.36 (KHTML, like Gecko; compatible; ClaudeBot/1.0; +claudebot@anthropic.com)"
216.73.216.140 - - [08/Nov/2025:10:58:20 -0500] "GET /learn-how-can-homesearch-improve-your-roi-in-3-simple-steps HTTP/2.0" 499 0 "-" "Mozilla/5.0 AppleWebKit/537.36 (KHTML, like Gecko; compatible; ClaudeBot/1.0; +claudebot@anthropic.com)"
216.73.216.140 - - [08/Nov/2025:10:58:20 -0500] "GET /learn-how-can-homesearch-improve-your-roi-in-3-simple-steps-2 HTTP/2.0" 499 0 "-" "Mozilla/5.0 AppleWebKit/537.36 (KHTML, like Gecko; compatible; ClaudeBot/1.0; +claudebot@anthropic.com)"
185.156.42.209 - - [08/Nov/2025:11:59:27 -0500] "POST /wp-cron.php?doing_wp_cron=1762621167.0562429428100585937500 HTTP/1.1" 200 0 "https://homesearch.goodface.com.ua/wp-cron.php?doing_wp_cron=1762621167.0562429428100585937500" "WordPress/6.1.1; https://homesearch.goodface.com.ua"
216.73.216.140 - - [08/Nov/2025:11:59:27 -0500] "GET /robots.txt HTTP/2.0" 200 108 "-" "Mozilla/5.0 AppleWebKit/537.36 (KHTML, like Gecko; compatible; ClaudeBot/1.0; +claudebot@anthropic.com)"
216.73.216.140 - - [08/Nov/2025:11:59:27 -0500] "GET /wp-content/uploads/2022/08/sol-main-2.png HTTP/2.0" 200 197821 "-" "Mozilla/5.0 AppleWebKit/537.36 (KHTML, like Gecko; compatible; ClaudeBot/1.0; +claudebot@anthropic.com)"
216.73.216.140 - - [08/Nov/2025:11:59:27 -0500] "GET /wp-content/uploads/2022/08/sol-main-3.png HTTP/2.0" 200 52456 "-" "Mozilla/5.0 AppleWebKit/537.36 (KHTML, like Gecko; compatible; ClaudeBot/1.0; +claudebot@anthropic.com)"
216.73.216.140 - - [08/Nov/2025:11:59:27 -0500] "GET /wp-content/uploads/2022/08/data-insight-main.png HTTP/2.0" 200 46941 "-" "Mozilla/5.0 AppleWebKit/537.36 (KHTML, like Gecko; compatible; ClaudeBot/1.0; +claudebot@anthropic.com)"
216.73.216.140 - - [08/Nov/2025:11:59:27 -0500] "GET /wp-content/cache/wpfc-minified/q05u6iq/fmgk0.css HTTP/2.0" 200 29382 "-" "Mozilla/5.0 AppleWebKit/537.36 (KHTML, like Gecko; compatible; ClaudeBot/1.0; +claudebot@anthropic.com)"
216.73.216.140 - - [08/Nov/2025:11:59:27 -0500] "GET /wp-content/uploads/2022/08/data-on.svg HTTP/2.0" 200 427 "-" "Mozilla/5.0 AppleWebKit/537.36 (KHTML, like Gecko; compatible; ClaudeBot/1.0; +claudebot@anthropic.com)"
159.89.12.166 - - [08/Nov/2025:13:53:54 -0500] "GET / HTTP/1.1" 499 0 "-" "-"
185.156.42.209 - - [08/Nov/2025:13:53:57 -0500] "POST /wp-cron.php?doing_wp_cron=1762628037.7375009059906005859375 HTTP/1.1" 200 0 "https://homesearch.goodface.com.ua/wp-cron.php?doing_wp_cron=1762628037.7375009059906005859375" "WordPress/6.1.1; https://homesearch.goodface.com.ua"
159.89.12.166 - - [08/Nov/2025:13:54:28 -0500] "GET / HTTP/1.1" 200 79978 "-" "Mozilla/5.0 (Linux; Android 6.0; HTC One M9 Build/MRA022971) AppleWebKit/537.36 (KHTML, like Gecko) Chrome/52.0.3114.98 Mobile Safari/537.3"
159.89.12.166 - - [08/Nov/2025:13:54:31 -0500] "POST /graphql HTTP/1.1" 499 0 "-" "Mozilla/5.0 (l9scan/2.0.930323e22343e2635313e2538313; +https://leakix.net)"
185.156.42.209 - - [08/Nov/2025:13:54:32 -0500] "POST /wp-cron.php?doing_wp_cron=1762628072.5317080020904541015625 HTTP/1.1" 200 0 "https://homesearch.goodface.com.ua/wp-cron.php?doing_wp_cron=1762628072.5317080020904541015625" "WordPress/6.1.1; https://homesearch.goodface.com.ua"
159.89.12.166 - - [08/Nov/2025:13:54:34 -0500] "POST /api HTTP/1.1" 499 0 "-" "Mozilla/5.0 (l9scan/2.0.930323e22343e2635313e2538313; +https://leakix.net)"
159.89.12.166 - - [08/Nov/2025:13:54:37 -0500] "POST /api/graphql HTTP/1.1" 404 0 "-" "Mozilla/5.0 (l9scan/2.0.930323e22343e2635313e2538313; +https://leakix.net)"
159.89.12.166 - - [08/Nov/2025:13:54:38 -0500] "POST /graphql/api HTTP/1.1" 499 0 "-" "Mozilla/5.0 (l9scan/2.0.930323e22343e2635313e2538313; +https://leakix.net)"
159.89.12.166 - - [08/Nov/2025:13:54:41 -0500] "GET /swagger-ui.html HTTP/1.1" 404 0 "-" "Mozilla/5.0 (l9scan/2.0.930323e22343e2635313e2538313; +https://leakix.net)"
159.89.12.166 - - [08/Nov/2025:13:54:44 -0500] "GET /swagger/index.html HTTP/1.1" 404 0 "-" "Mozilla/5.0 (l9scan/2.0.930323e22343e2635313e2538313; +https://leakix.net)"
159.89.12.166 - - [08/Nov/2025:13:54:47 -0500] "GET /swagger/swagger-ui.html HTTP/1.1" 499 0 "-" "Mozilla/5.0 (l9scan/2.0.930323e22343e2635313e2538313; +https://leakix.net)"
159.89.12.166 - - [08/Nov/2025:13:54:48 -0500] "GET /webjars/swagger-ui/index.html HTTP/1.1" 499 0 "-" "Mozilla/5.0 (l9scan/2.0.930323e22343e2635313e2538313; +https://leakix.net)"
159.89.12.166 - - [08/Nov/2025:13:54:51 -0500] "GET /@vite/env HTTP/1.1" 404 0 "-" "Go-http-client/1.1"
159.89.12.166 - - [08/Nov/2025:13:54:53 -0500] "GET /actuator/env HTTP/1.1" 404 0 "-" "Go-http-client/1.1"
159.89.12.166 - - [08/Nov/2025:13:54:55 -0500] "GET /server HTTP/1.1" 404 0 "-" "Go-http-client/1.1"
159.89.12.166 - - [08/Nov/2025:13:54:57 -0500] "GET /.vscode/sftp.json HTTP/1.1" 404 0 "-" "Go-http-client/1.1"
159.89.12.166 - - [08/Nov/2025:13:55:00 -0500] "GET /about HTTP/1.1" 499 0 "-" "Go-http-client/1.1"
159.89.12.166 - - [08/Nov/2025:13:55:03 -0500] "GET /debug/default/view?panel=config HTTP/1.1" 404 0 "-" "Go-http-client/1.1"
159.89.12.166 - - [08/Nov/2025:13:55:06 -0500] "GET /v2/_catalog HTTP/1.1" 404 0 "-" "Go-http-client/1.1"
159.89.12.166 - - [08/Nov/2025:13:55:09 -0500] "GET /ecp/Current/exporttool/microsoft.exchange.ediscovery.exporttool.application HTTP/1.1" 404 0 "-" "Go-http-client/1.1"
159.89.12.166 - - [08/Nov/2025:13:55:12 -0500] "GET /server-status HTTP/1.1" 404 0 "-" "Go-http-client/1.1"
159.89.12.166 - - [08/Nov/2025:13:55:14 -0500] "GET /login.action HTTP/1.1" 404 0 "-" "Go-http-client/1.1"
159.89.12.166 - - [08/Nov/2025:13:55:17 -0500] "GET /_all_dbs HTTP/1.1" 404 0 "-" "Mozilla/5.0 (l9scan/2.0.930323e22343e2635313e2538313; +https://leakix.net)"
159.89.12.166 - - [08/Nov/2025:13:55:20 -0500] "GET /.DS_Store HTTP/1.1" 404 0 "-" "Go-http-client/1.1"
159.89.12.166 - - [08/Nov/2025:13:55:22 -0500] "GET /.env HTTP/1.1" 404 0 "-" "Go-http-client/1.1"
185.156.42.209 - - [08/Nov/2025:13:55:24 -0500] "POST /wp-cron.php?doing_wp_cron=1762628124.4312629699707031250000 HTTP/1.1" 200 0 "https://homesearch.goodface.com.ua/wp-cron.php?doing_wp_cron=1762628124.4312629699707031250000" "WordPress/6.1.1; https://homesearch.goodface.com.ua"
159.89.12.166 - - [08/Nov/2025:13:55:24 -0500] "GET /.git/config HTTP/1.1" 404 0 "-" "Go-http-client/1.1"
159.89.12.166 - - [08/Nov/2025:13:55:27 -0500] "GET /s/930323e22343e2635313e2538313/_/;/META-INF/maven/com.atlassian.jira/jira-webapp-dist/pom.properties HTTP/1.1" 499 0 "-" "Go-http-client/1.1"
159.89.12.166 - - [08/Nov/2025:13:55:29 -0500] "GET /config.json HTTP/1.1" 404 0 "-" "Go-http-client/1.1"
159.89.12.166 - - [08/Nov/2025:13:55:33 -0500] "GET /telescope/requests HTTP/1.1" 499 0 "-" "Go-http-client/1.1"
159.89.12.166 - - [08/Nov/2025:13:55:35 -0500] "GET /info.php HTTP/1.1" 404 0 "-" "Go-http-client/1.1"
159.89.12.166 - - [08/Nov/2025:13:55:38 -0500] "GET /?rest_route=/wp/v2/users/ HTTP/1.1" 200 380 "-" "Go-http-client/1.1"
176.65.148.212 - - [08/Nov/2025:13:55:51 -0500] "GET /.env HTTP/1.1" 404 0 "-" "Mozilla/5.0 (Windows NT 10.0; Win64; x64) AppleWebKit/537.36 (KHTML, like Gecko) Chrome/134.0.0.0 Safari/537.3"
185.156.42.209 - - [08/Nov/2025:15:03:53 -0500] "POST /wp-cron.php?doing_wp_cron=1762632233.1864600181579589843750 HTTP/1.1" 200 0 "https://homesearch.goodface.com.ua/wp-cron.php?doing_wp_cron=1762632233.1864600181579589843750" "WordPress/6.1.1; https://homesearch.goodface.com.ua"
198.235.24.31 - - [08/Nov/2025:15:03:53 -0500] "GET / HTTP/1.1" 301 0 "-" "-"
198.235.24.31 - - [08/Nov/2025:15:03:59 -0500] "GET / HTTP/1.1" 200 98549 "-" "-"